{"id":39,"date":"2022-03-14T18:53:29","date_gmt":"2022-03-14T17:53:29","guid":{"rendered":"https:\/\/www.durio.it\/?page_id=39"},"modified":"2022-03-14T18:54:17","modified_gmt":"2022-03-14T17:54:17","slug":"le-origini-di-durio","status":"publish","type":"page","link":"https:\/\/www.durio.it\/?page_id=39","title":{"rendered":"Le origini di Durio"},"content":{"rendered":"\n<p>Torino vanta una tradizione birraria che non tutti conoscono!<\/p>\n\n\n\n<p>Ospit\u00f2, infatti, la prima fabbrica di birra d&#8217;Italia, la Bosio &amp; Caratsch, inaugurata nel 1845. A questa ne seguirono numerose altre, tra cui  le celebri Boringhieri, Metzger e la Kursaal Durio, attratte dalle particolari caratteristiche dell&#8217;acqua cittadina.<\/p>\n\n\n\n<p>Il luogo dove sorgono i birrifici in questa Torino di met\u00e0 ottocento \u00e8 il Borgo San Donato, che si rivela essere particolarmente favorevole alla produzione alimentare, grazie alla possibilit\u00e0 di sfruttare le acque del &#8220;canale di Torino&#8221; che erano descritte all&#8217;epoca come:<\/p>\n\n\n\n<blockquote class=\"wp-block-quote\"><p>&#8220;un&#8217;acqua purissima, leggera e dolce, poco soggetta agli sbalzi di temperatura nonostante l&#8217;alternarsi delle stagioni&#8221;<\/p><\/blockquote>\n\n\n\n<p>e con l&#8217;unico difetto di essere periodicamente scarsa. In quest&#8217;area industriale si<br> trovavano i due pi\u00f9 antichi birrifici torinesi: la Bosio &amp; Caratsch, in via della Consolata, trasferita in Borgo San Donato in C.so Principe Oddone n.81 nel 1870, e la Metzger, le cui sedi erano tra l&#8217;altro due degli edifici pi\u00f9 importanti e significativi del borgo.<\/p>\n\n\n\n<p>Tali fabbriche si ispiravano al modello tedesco, e spesso erano dirette da operai specializzati o addirittura ingegneri provenienti proprio dalla Germania; dapprima erano molto piccole e di stampo artigianale, ma nel corso degli anni si ingrandirono fino a<br> raggiungere livelli di produzione decisamente elevati.<\/p>\n\n\n\n<p>A partire dagli anni Trenta la Bosio &amp; Caratsch e la Metzger, favorite anche dal regime dell&#8217;autarchia che impediva l&#8217;importazione di birra dall&#8217;estero, aumentarono la loro produzione al punto tale da poter esportare nelle colonie dell&#8217;Africa orientale. In seguito esse proseguirono la loro attivit\u00e0 industriale, rinunciando per\u00f2 alla tradizione di rivendita e degustazione fino a circa agli anni 60 quando le fabbriche, ormai assorbite da altri marchi, vennero chiuse per improduttivit\u00e0.<\/p>\n","protected":false},"excerpt":{"rendered":"<p>Torino vanta una tradizione birraria che non tutti conoscono! Ospit\u00f2, infatti, la prima fabbrica di birra d&#8217;Italia, la Bosio &amp; Caratsch, inaugurata nel 1845. A questa ne seguirono numerose altre, tra cui le celebri Boringhieri, Metzger e la Kursaal Durio, attratte dalle particolari caratteristiche dell&#8217;acqua cittadina. Il luogo dove sorgono i birrifici in questa Torino &hellip; <\/p>\n<p class=\"link-more\"><a href=\"https:\/\/www.durio.it\/?page_id=39\" class=\"more-link\">Leggi tutto<span class=\"screen-reader-text\"> &#8220;Le origini di Durio&#8221;<\/span><\/a><\/p>\n","protected":false},"author":1,"featured_media":0,"parent":0,"menu_order":0,"comment_status":"closed","ping_status":"closed","template":"","meta":[],"_links":{"self":[{"href":"https:\/\/www.durio.it\/index.php?rest_route=\/wp\/v2\/pages\/39"}],"collection":[{"href":"https:\/\/www.durio.it\/index.php?rest_route=\/wp\/v2\/pages"}],"about":[{"href":"https:\/\/www.durio.it\/index.php?rest_route=\/wp\/v2\/types\/page"}],"author":[{"embeddable":true,"href":"https:\/\/www.durio.it\/index.php?rest_route=\/wp\/v2\/users\/1"}],"replies":[{"embeddable":true,"href":"https:\/\/www.durio.it\/index.php?rest_route=%2Fwp%2Fv2%2Fcomments&post=39"}],"version-history":[{"count":2,"href":"https:\/\/www.durio.it\/index.php?rest_route=\/wp\/v2\/pages\/39\/revisions"}],"predecessor-version":[{"id":43,"href":"https:\/\/www.durio.it\/index.php?rest_route=\/wp\/v2\/pages\/39\/revisions\/43"}],"wp:attachment":[{"href":"https:\/\/www.durio.it\/index.php?rest_route=%2Fwp%2Fv2%2Fmedia&parent=39"}],"curies":[{"name":"wp","href":"https:\/\/api.w.org\/{rel}","templated":true}]}}